{"id":16,"date":"2024-01-23T18:33:36","date_gmt":"2024-01-23T18:33:36","guid":{"rendered":"https:\/\/siteinternet3484.live-website.com\/?page_id=16"},"modified":"2026-02-23T21:45:12","modified_gmt":"2026-02-23T20:45:12","slug":"acceuil","status":"publish","type":"page","link":"https:\/\/annesophiesoubre-therapeute.fr\/","title":{"rendered":"Accueil"},"content":{"rendered":"\t\t<div data-elementor-type=\"wp-page\" data-elementor-id=\"16\" class=\"elementor elementor-16\">\n\t\t\t\t<div class=\"elementor-element elementor-element-3db7821 e-flex e-con-boxed e-con e-parent\" data-id=\"3db7821\" data-element_type=\"container\">\n\t\t\t\t\t<div class=\"e-con-inner\">\n\t\t\t\t<div class=\"elementor-element elementor-element-6cc4651 elementor-widget elementor-widget-text-editor\" data-id=\"6cc4651\" data-element_type=\"widget\" data-widget_type=\"text-editor.default\">\n\t\t\t\t\t\t\t\t\t<p>\u00a0<\/p><p>\u00a0\u00a0\u00a0<\/p>\t\t\t\t\t\t\t\t<\/div>\n\t\t\t\t\t<\/div>\n\t\t\t\t<\/div>\n\t\t<div class=\"elementor-element elementor-element-3f36c02 e-flex e-con-boxed e-con e-parent\" data-id=\"3f36c02\" data-element_type=\"container\">\n\t\t\t\t\t<div class=\"e-con-inner\">\n\t\t\t\t<div class=\"elementor-element elementor-element-5032360 elementor-widget elementor-widget-image\" data-id=\"5032360\" data-element_type=\"widget\" data-widget_type=\"image.default\">\n\t\t\t\t\t\t\t\t\t\t\t\t\t\t\t\t<a href=\"https:\/\/annesophiesoubre-therapeute.fr\/contact\">\n\t\t\t\t\t\t\t<img fetchpriority=\"high\" decoding=\"async\" width=\"300\" height=\"300\" src=\"https:\/\/annesophiesoubre-therapeute.fr\/wp-content\/uploads\/2024\/02\/Logo_Couleurs-300x300.png\" class=\"attachment-medium size-medium wp-image-360\" alt=\"\" srcset=\"https:\/\/annesophiesoubre-therapeute.fr\/wp-content\/uploads\/2024\/02\/Logo_Couleurs-300x300.png 300w, https:\/\/annesophiesoubre-therapeute.fr\/wp-content\/uploads\/2024\/02\/Logo_Couleurs-1024x1024.png 1024w, https:\/\/annesophiesoubre-therapeute.fr\/wp-content\/uploads\/2024\/02\/Logo_Couleurs-150x150.png 150w, https:\/\/annesophiesoubre-therapeute.fr\/wp-content\/uploads\/2024\/02\/Logo_Couleurs-768x768.png 768w, https:\/\/annesophiesoubre-therapeute.fr\/wp-content\/uploads\/2024\/02\/Logo_Couleurs-1536x1536.png 1536w, https:\/\/annesophiesoubre-therapeute.fr\/wp-content\/uploads\/2024\/02\/Logo_Couleurs-2048x2048.png 2048w\" sizes=\"(max-width: 300px) 100vw, 300px\" \/>\t\t\t\t\t\t\t\t<\/a>\n\t\t\t\t\t\t\t\t\t\t\t\t\t\t\t<\/div>\n\t\t\t\t\t<\/div>\n\t\t\t\t<\/div>\n\t\t<div class=\"elementor-element elementor-element-a74463f e-con-full e-flex e-con e-parent\" data-id=\"a74463f\" data-element_type=\"container\">\n\t\t\t\t<div class=\"elementor-element elementor-element-fba5efc elementor-widget elementor-widget-text-editor\" data-id=\"fba5efc\" data-element_type=\"widget\" data-widget_type=\"text-editor.default\">\n\t\t\t\t\t\t\t\t\t<h6>\u00a0<\/h6><h6 style=\"text-align: center;\"><strong><em>Infirmi\u00e8re Dipl\u00f4m\u00e9e d\u2019\u00c9tat, sp\u00e9cialis\u00e9e en sant\u00e9 mentale, j\u2019exerce une activit\u00e9 \u00e0 vis\u00e9e pr\u00e9ventive et th\u00e9rapeutique aupr\u00e8s d&rsquo;un public adulte.<\/em><\/strong><\/h6><h6 class=\"p1\" style=\"text-align: center;\"><strong><em>Je suis form\u00e9e\u00a0aux <a href=\"https:\/\/www.aftcc.org\/les-therapies-comportementales-et-cognitives\" target=\"_blank\" rel=\"noopener\">th\u00e9rapies cognitives et comportementales (TCC)<\/a>, au <a href=\"https:\/\/www.association-mindfulness.org\/tout-savoir-sur-mbct.php\" target=\"_blank\" rel=\"noopener\">MBCT<\/a> et <\/em><\/strong><strong><em>\u00e0 la <a href=\"https:\/\/fr.wikipedia.org\/wiki\/Sch%C3%A9math%C3%A9rapie\" target=\"_blank\" rel=\"noopener\">th\u00e9rapie des sch\u00e9mas.<\/a><\/em><\/strong><\/h6><h6 class=\"p1\" style=\"text-align: center;\"><strong><em>\u00a0J\u2019exerce \u00e0 M\u00e9rignac.<\/em><\/strong><\/h6>\t\t\t\t\t\t\t\t<\/div>\n\t\t\t\t<\/div>\n\t\t<div class=\"elementor-element elementor-element-7cc50fc e-flex e-con-boxed e-con e-parent\" data-id=\"7cc50fc\" data-element_type=\"container\">\n\t\t\t\t\t<div class=\"e-con-inner\">\n\t\t\t\t<div class=\"elementor-element elementor-element-112e910 elementor-align-center elementor-widget__width-inherit elementor-widget elementor-widget-button\" data-id=\"112e910\" data-element_type=\"widget\" data-widget_type=\"button.default\">\n\t\t\t\t\t\t\t\t\t\t<a class=\"elementor-button elementor-button-link elementor-size-sm\" href=\"https:\/\/rdv.terapiz.com\/psychopraticien\/begles\/soubre-anne-sophie\" target=\"_blank\">\n\t\t\t\t\t\t<span class=\"elementor-button-content-wrapper\">\n\t\t\t\t\t\t<span class=\"elementor-button-icon\">\n\t\t\t\t<svg aria-hidden=\"true\" class=\"e-font-icon-svg e-far-calendar-alt\" viewBox=\"0 0 448 512\" xmlns=\"http:\/\/www.w3.org\/2000\/svg\"><path d=\"M148 288h-40c-6.6 0-12-5.4-12-12v-40c0-6.6 5.4-12 12-12h40c6.6 0 12 5.4 12 12v40c0 6.6-5.4 12-12 12zm108-12v-40c0-6.6-5.4-12-12-12h-40c-6.6 0-12 5.4-12 12v40c0 6.6 5.4 12 12 12h40c6.6 0 12-5.4 12-12zm96 0v-40c0-6.6-5.4-12-12-12h-40c-6.6 0-12 5.4-12 12v40c0 6.6 5.4 12 12 12h40c6.6 0 12-5.4 12-12zm-96 96v-40c0-6.6-5.4-12-12-12h-40c-6.6 0-12 5.4-12 12v40c0 6.6 5.4 12 12 12h40c6.6 0 12-5.4 12-12zm-96 0v-40c0-6.6-5.4-12-12-12h-40c-6.6 0-12 5.4-12 12v40c0 6.6 5.4 12 12 12h40c6.6 0 12-5.4 12-12zm192 0v-40c0-6.6-5.4-12-12-12h-40c-6.6 0-12 5.4-12 12v40c0 6.6 5.4 12 12 12h40c6.6 0 12-5.4 12-12zm96-260v352c0 26.5-21.5 48-48 48H48c-26.5 0-48-21.5-48-48V112c0-26.5 21.5-48 48-48h48V12c0-6.6 5.4-12 12-12h40c6.6 0 12 5.4 12 12v52h128V12c0-6.6 5.4-12 12-12h40c6.6 0 12 5.4 12 12v52h48c26.5 0 48 21.5 48 48zm-48 346V160H48v298c0 3.3 2.7 6 6 6h340c3.3 0 6-2.7 6-6z\"><\/path><\/svg>\t\t\t<\/span>\n\t\t\t\t\t\t\t\t\t<span class=\"elementor-button-text\">  Prendre RDV<\/span>\n\t\t\t\t\t<\/span>\n\t\t\t\t\t<\/a>\n\t\t\t\t\t\t\t\t<\/div>\n\t\t\t\t\t<\/div>\n\t\t\t\t<\/div>\n\t\t<div class=\"elementor-element elementor-element-d1d335f e-flex e-con-boxed e-con e-parent\" data-id=\"d1d335f\" data-element_type=\"container\">\n\t\t\t\t\t<div class=\"e-con-inner\">\n\t\t\t\t<div class=\"elementor-element elementor-element-b217c59 elementor-widget elementor-widget-heading\" data-id=\"b217c59\" data-element_type=\"widget\" data-widget_type=\"heading.default\">\n\t\t\t\t\t<h2 class=\"elementor-heading-title elementor-size-default\">Ajoutez votre titre ici<\/h2>\t\t\t\t<\/div>\n\t\t\t\t\t<\/div>\n\t\t\t\t<\/div>\n\t\t\t\t<\/div>\n\t\t","protected":false},"excerpt":{"rendered":"<p>\u00a0 \u00a0\u00a0\u00a0 \u00a0 Infirmi\u00e8re Dipl\u00f4m\u00e9e d\u2019\u00c9tat, sp\u00e9cialis\u00e9e en sant\u00e9 mentale, j\u2019exerce une activit\u00e9 \u00e0 vis\u00e9e pr\u00e9ventive et th\u00e9rapeutique aupr\u00e8s d&rsquo;un public adulte. Je suis form\u00e9e\u00a0aux th\u00e9rapies cognitives et comportementales (TCC), au MBCT et \u00e0 la th\u00e9rapie des sch\u00e9mas. \u00a0J\u2019exerce \u00e0 M\u00e9rignac. Prendre RDV Ajoutez votre titre ici<\/p>\n","protected":false},"author":1,"featured_media":0,"parent":0,"menu_order":0,"comment_status":"closed","ping_status":"closed","template":"template-full-width.php","meta":{"footnotes":""},"class_list":["post-16","page","type-page","status-publish","hentry"],"yoast_head":"<!-- This site is optimized with the Yoast SEO plugin v27.3 - https:\/\/yoast.com\/product\/yoast-seo-wordpress\/ -->\n<title>Accueil - Anne-Sophie Soubre - Th\u00e9rapeute<\/title>\n<meta name=\"description\" content=\"Th\u00e9rapeute \u00e0 Begles, form\u00e9e \u00e0 la th\u00e9rapie des sch\u00e9mas, en TCC et pleine conscience (MBCT), j\u2019accompagne les adultes vers un mieux-\u00eatre.\" \/>\n<meta name=\"robots\" content=\"index, follow, max-snippet:-1, max-image-preview:large, max-video-preview:-1\" \/>\n<link rel=\"canonical\" href=\"https:\/\/annesophiesoubre-therapeute.fr\/\" \/>\n<meta property=\"og:locale\" content=\"fr_FR\" \/>\n<meta property=\"og:type\" content=\"article\" \/>\n<meta property=\"og:title\" content=\"Accueil - Anne-Sophie Soubre - Th\u00e9rapeute\" \/>\n<meta property=\"og:description\" content=\"Th\u00e9rapeute \u00e0 Begles, form\u00e9e \u00e0 la th\u00e9rapie des sch\u00e9mas, en TCC et pleine conscience (MBCT), j\u2019accompagne les adultes vers un mieux-\u00eatre.\" \/>\n<meta property=\"og:url\" content=\"https:\/\/annesophiesoubre-therapeute.fr\/\" \/>\n<meta property=\"og:site_name\" content=\"Anne-Sophie Soubre - Th\u00e9rapeute\" \/>\n<meta property=\"article:modified_time\" content=\"2026-02-23T20:45:12+00:00\" \/>\n<meta property=\"og:image\" content=\"https:\/\/annesophiesoubre-therapeute.fr\/wp-content\/uploads\/2024\/02\/Logo_Couleurs.png\" \/>\n\t<meta property=\"og:image:width\" content=\"4096\" \/>\n\t<meta property=\"og:image:height\" content=\"4096\" \/>\n\t<meta property=\"og:image:type\" content=\"image\/png\" \/>\n<meta name=\"twitter:card\" content=\"summary_large_image\" \/>\n<meta name=\"twitter:label1\" content=\"Dur\u00e9e de lecture estim\u00e9e\" \/>\n\t<meta name=\"twitter:data1\" content=\"1 minute\" \/>\n<script type=\"application\/ld+json\" class=\"yoast-schema-graph\">{\"@context\":\"https:\\\/\\\/schema.org\",\"@graph\":[{\"@type\":\"WebPage\",\"@id\":\"https:\\\/\\\/annesophiesoubre-therapeute.fr\\\/\",\"url\":\"https:\\\/\\\/annesophiesoubre-therapeute.fr\\\/\",\"name\":\"Accueil - Anne-Sophie Soubre - Th\u00e9rapeute\",\"isPartOf\":{\"@id\":\"https:\\\/\\\/annesophiesoubre-therapeute.fr\\\/#website\"},\"primaryImageOfPage\":{\"@id\":\"https:\\\/\\\/annesophiesoubre-therapeute.fr\\\/#primaryimage\"},\"image\":{\"@id\":\"https:\\\/\\\/annesophiesoubre-therapeute.fr\\\/#primaryimage\"},\"thumbnailUrl\":\"https:\\\/\\\/annesophiesoubre-therapeute.fr\\\/wp-content\\\/uploads\\\/2024\\\/02\\\/Logo_Couleurs-300x300.png\",\"datePublished\":\"2024-01-23T18:33:36+00:00\",\"dateModified\":\"2026-02-23T20:45:12+00:00\",\"description\":\"Th\u00e9rapeute \u00e0 Begles, form\u00e9e \u00e0 la th\u00e9rapie des sch\u00e9mas, en TCC et pleine conscience (MBCT), j\u2019accompagne les adultes vers un mieux-\u00eatre.\",\"breadcrumb\":{\"@id\":\"https:\\\/\\\/annesophiesoubre-therapeute.fr\\\/#breadcrumb\"},\"inLanguage\":\"fr-FR\",\"potentialAction\":[{\"@type\":\"ReadAction\",\"target\":[\"https:\\\/\\\/annesophiesoubre-therapeute.fr\\\/\"]}]},{\"@type\":\"ImageObject\",\"inLanguage\":\"fr-FR\",\"@id\":\"https:\\\/\\\/annesophiesoubre-therapeute.fr\\\/#primaryimage\",\"url\":\"https:\\\/\\\/annesophiesoubre-therapeute.fr\\\/wp-content\\\/uploads\\\/2024\\\/02\\\/Logo_Couleurs-300x300.png\",\"contentUrl\":\"https:\\\/\\\/annesophiesoubre-therapeute.fr\\\/wp-content\\\/uploads\\\/2024\\\/02\\\/Logo_Couleurs-300x300.png\"},{\"@type\":\"BreadcrumbList\",\"@id\":\"https:\\\/\\\/annesophiesoubre-therapeute.fr\\\/#breadcrumb\",\"itemListElement\":[{\"@type\":\"ListItem\",\"position\":1,\"name\":\"Accueil\",\"item\":\"https:\\\/\\\/annesophiesoubre-therapeute.fr\\\/\"},{\"@type\":\"ListItem\",\"position\":2,\"name\":\"Accueil\"}]},{\"@type\":\"WebSite\",\"@id\":\"https:\\\/\\\/annesophiesoubre-therapeute.fr\\\/#website\",\"url\":\"https:\\\/\\\/annesophiesoubre-therapeute.fr\\\/\",\"name\":\"Anne-Sophie Soubre - Th\u00e9rapeute\",\"description\":\"\",\"potentialAction\":[{\"@type\":\"SearchAction\",\"target\":{\"@type\":\"EntryPoint\",\"urlTemplate\":\"https:\\\/\\\/annesophiesoubre-therapeute.fr\\\/?s={search_term_string}\"},\"query-input\":{\"@type\":\"PropertyValueSpecification\",\"valueRequired\":true,\"valueName\":\"search_term_string\"}}],\"inLanguage\":\"fr-FR\"}]}<\/script>\n<!-- \/ Yoast SEO plugin. -->","yoast_head_json":{"title":"Accueil - Anne-Sophie Soubre - Th\u00e9rapeute","description":"Th\u00e9rapeute \u00e0 Begles, form\u00e9e \u00e0 la th\u00e9rapie des sch\u00e9mas, en TCC et pleine conscience (MBCT), j\u2019accompagne les adultes vers un mieux-\u00eatre.","robots":{"index":"index","follow":"follow","max-snippet":"max-snippet:-1","max-image-preview":"max-image-preview:large","max-video-preview":"max-video-preview:-1"},"canonical":"https:\/\/annesophiesoubre-therapeute.fr\/","og_locale":"fr_FR","og_type":"article","og_title":"Accueil - Anne-Sophie Soubre - Th\u00e9rapeute","og_description":"Th\u00e9rapeute \u00e0 Begles, form\u00e9e \u00e0 la th\u00e9rapie des sch\u00e9mas, en TCC et pleine conscience (MBCT), j\u2019accompagne les adultes vers un mieux-\u00eatre.","og_url":"https:\/\/annesophiesoubre-therapeute.fr\/","og_site_name":"Anne-Sophie Soubre - Th\u00e9rapeute","article_modified_time":"2026-02-23T20:45:12+00:00","og_image":[{"width":4096,"height":4096,"url":"https:\/\/annesophiesoubre-therapeute.fr\/wp-content\/uploads\/2024\/02\/Logo_Couleurs.png","type":"image\/png"}],"twitter_card":"summary_large_image","twitter_misc":{"Dur\u00e9e de lecture estim\u00e9e":"1 minute"},"schema":{"@context":"https:\/\/schema.org","@graph":[{"@type":"WebPage","@id":"https:\/\/annesophiesoubre-therapeute.fr\/","url":"https:\/\/annesophiesoubre-therapeute.fr\/","name":"Accueil - Anne-Sophie Soubre - Th\u00e9rapeute","isPartOf":{"@id":"https:\/\/annesophiesoubre-therapeute.fr\/#website"},"primaryImageOfPage":{"@id":"https:\/\/annesophiesoubre-therapeute.fr\/#primaryimage"},"image":{"@id":"https:\/\/annesophiesoubre-therapeute.fr\/#primaryimage"},"thumbnailUrl":"https:\/\/annesophiesoubre-therapeute.fr\/wp-content\/uploads\/2024\/02\/Logo_Couleurs-300x300.png","datePublished":"2024-01-23T18:33:36+00:00","dateModified":"2026-02-23T20:45:12+00:00","description":"Th\u00e9rapeute \u00e0 Begles, form\u00e9e \u00e0 la th\u00e9rapie des sch\u00e9mas, en TCC et pleine conscience (MBCT), j\u2019accompagne les adultes vers un mieux-\u00eatre.","breadcrumb":{"@id":"https:\/\/annesophiesoubre-therapeute.fr\/#breadcrumb"},"inLanguage":"fr-FR","potentialAction":[{"@type":"ReadAction","target":["https:\/\/annesophiesoubre-therapeute.fr\/"]}]},{"@type":"ImageObject","inLanguage":"fr-FR","@id":"https:\/\/annesophiesoubre-therapeute.fr\/#primaryimage","url":"https:\/\/annesophiesoubre-therapeute.fr\/wp-content\/uploads\/2024\/02\/Logo_Couleurs-300x300.png","contentUrl":"https:\/\/annesophiesoubre-therapeute.fr\/wp-content\/uploads\/2024\/02\/Logo_Couleurs-300x300.png"},{"@type":"BreadcrumbList","@id":"https:\/\/annesophiesoubre-therapeute.fr\/#breadcrumb","itemListElement":[{"@type":"ListItem","position":1,"name":"Accueil","item":"https:\/\/annesophiesoubre-therapeute.fr\/"},{"@type":"ListItem","position":2,"name":"Accueil"}]},{"@type":"WebSite","@id":"https:\/\/annesophiesoubre-therapeute.fr\/#website","url":"https:\/\/annesophiesoubre-therapeute.fr\/","name":"Anne-Sophie Soubre - Th\u00e9rapeute","description":"","potentialAction":[{"@type":"SearchAction","target":{"@type":"EntryPoint","urlTemplate":"https:\/\/annesophiesoubre-therapeute.fr\/?s={search_term_string}"},"query-input":{"@type":"PropertyValueSpecification","valueRequired":true,"valueName":"search_term_string"}}],"inLanguage":"fr-FR"}]}},"_links":{"self":[{"href":"https:\/\/annesophiesoubre-therapeute.fr\/index.php\/wp-json\/wp\/v2\/pages\/16","targetHints":{"allow":["GET"]}}],"collection":[{"href":"https:\/\/annesophiesoubre-therapeute.fr\/index.php\/wp-json\/wp\/v2\/pages"}],"about":[{"href":"https:\/\/annesophiesoubre-therapeute.fr\/index.php\/wp-json\/wp\/v2\/types\/page"}],"author":[{"embeddable":true,"href":"https:\/\/annesophiesoubre-therapeute.fr\/index.php\/wp-json\/wp\/v2\/users\/1"}],"replies":[{"embeddable":true,"href":"https:\/\/annesophiesoubre-therapeute.fr\/index.php\/wp-json\/wp\/v2\/comments?post=16"}],"version-history":[{"count":76,"href":"https:\/\/annesophiesoubre-therapeute.fr\/index.php\/wp-json\/wp\/v2\/pages\/16\/revisions"}],"predecessor-version":[{"id":8028,"href":"https:\/\/annesophiesoubre-therapeute.fr\/index.php\/wp-json\/wp\/v2\/pages\/16\/revisions\/8028"}],"wp:attachment":[{"href":"https:\/\/annesophiesoubre-therapeute.fr\/index.php\/wp-json\/wp\/v2\/media?parent=16"}],"curies":[{"name":"wp","href":"https:\/\/api.w.org\/{rel}","templated":true}]}}